22 + 29?
7
In base 9, what is 5568 - -86?
5665
In base 16, what is -1c8be + 4?
-1c8ba
In base 12, what is -829 + -130?
-959
In base 6, what is 3222 - 3332?
-110
In base 9, what is -4 - 581868?
-581873
In base 5, what is -122311 - 1013?
-123324
In base 12, what is -2 + -12349?
-1234b
In base 13, what is -5 + -260ab3?
-260ab8
In base 5, what is -12 + -20323132?
-20323144
In base 10, what is -295 - -544?
249
In base 8, what is 1277466 - 5?
1277461
In base 14, what is a + 1da03?
1da0d
In base 7, what is -34 + -112346?
-112413
In base 8, what is -162 + 4542?
4360
In base 8, what is -131 - 1733?
-2064
In base 13, what is -2825 - 47?
-286c
In base 4, what is 312 - -2031?
3003
In base 11, what is -49 + -9a?
-138
In base 14, what is 12a + -3b?
cd
In base 5, what is -14422242 + 22?
-14422220
In base 7, what is 4 + -3014?
-3010
In base 6, what is -11144 + 135?
-11005
In base 9, what is -15834 + -54?
-15888
In base 6, what is -3 - 501044?
-501051
In base 5, what is -421 - -303001?
302030
In base 4, what is -2001 - 201?
-2202
In base 6, what is 3 - 2405101?
-2405054
In base 7, what is 14240 + -1?
14236
In base 14, what is 4c133 - 0?
4c133
In base 16, what is -64 + -50ae?
-5112
In base 6, what is 1203 + -154?
1005
In base 16, what is 3cc99 + 1?
3cc9a
In base 13, what is 14c + -c?
140
In base 2, what is -1000101 + -101110?
-1110011
In base 12, what is -1975 + 13?
-1962
In base 7, what is -22 + -1043?
-1065
In base 8, what is -133461 - 0?
-133461
In base 7, what is 343432 - 3?
343426
In base 13, what is -19 + -4710?
-4729
In base 5, what is 12 - 1320024?
-1320012
In base 10, what is -60 - 67?
-127
In base 3, what is 12002001 - 12?
12001212
In base 16, what is a41 + 2a8?
ce9
In base 5, what is -20022310 - -13?
-20022242
In base 9, what is -203 + -1187?
-1401
In base 12, what is 2 - 98a2?
-98a0
In base 6, what is 3004225 - -4?
3004233
In base 15, what is -1dc + -72?
-25e
In base 12, what is -166a6 + -42?
-16728
In base 12, what is -432 + 152?
-2a0
In base 6, what is 2 - 322540?
-322534
In base 11, what is -a74a71 + 1?
-a74a70
In base 8, what is 33 - -6415?
6450
In base 12, what is -2 + -2428?
-242a
In base 9, what is -51727 - 70?
-51807
In base 8, what is 131 - 22776?
-22645
In base 15, what is 0 + -1193?
-1193
In base 11, what is 22 - -a710?
a732
In base 8, what is 24 - -17546?
17572
In base 4, what is 23032 - -122?
23220
In base 2, what is -101011001011001 + -1?
-101011001011010
In base 14, what is -4639 - -3?
-4636
In base 8, what is 4 - -3221?
3225
In base 9, what is -4 + 334730?
334725
In base 4, what is -221230 - 103?
-221333
In base 10, what is -20252 - -14?
-20238
In base 4, what is 21 - -12320121?
12320202
In base 11, what is -138a2 - 14a?
-13a41
In base 6, what is 105451 - -103?
105554
In base 5, what is -2321 - 201?
-3022
In base 12, what is 23 + -a133?
-a110
In base 5, what is -1 + 1030321?
1030320
In base 11, what is 21370 + 2?
21372
In base 7, what is -236663 - 4?
-240000
In base 16, what is -18 + 356?
33e
In base 4, what is -110300 - -222?
-110012
In base 6, what is -11434 - 42?
-11520
In base 13, what is 1ba - -377?
564
In base 2, what is -10001010110011000 - 10?
-10001010110011010
In base 7, what is -1 - 146016?
-146020
In base 14, what is -1dd7 - -7?
-1dd0
In base 10, what is -858236 - -5?
-858231
In base 11, what is -281 + -104?
-385
In base 5, what is 104420 - -440?
110410
In base 8, what is -112 + 17166?
17054
In base 13, what is 5 - -1a61a?
1a622
In base 11, what is -3 + 12032?
1202a
In base 2, what is 100011 + 10011100101?
10100001000
In base 6, what is -340031 - 2?
-340033
In base 12, what is 0 + -a888b?
-a888b
In base 14, what is -bb - -2cb4?
2bd7
In base 15, what is -6d + 19b?
12d
In base 14, what is -1443442 - -1?
-1443441
In base 2, what is 10110 + -10110010110?
-10110000000
In base 6, what is -14353 + 121?
-14232
In base 8, what is -153161 + -53?
-153234
In base 2, what is 1000011101100110 + 0?
1000011101100110
In base 7, what is 1 - -103443?
103444
In base 7, what is -112115 + 0?
-112115
In base 9, what is -264 + 18477?
18213
In base 8, what is 207503 - -2?
207505
In base 15, what is 3 + 87a?
87d
In base 15, what is e - -3c8?
3d7
In base 10, what is -21 + -29979?
-30000
In base 4, what is 3 - 10333003?
-10333000
In base 8, what is -7707 - -673?
-7014
In base 9, what is 34 - 1516?
-1472
In base 16, what is -5 + 15c44?
15c3f
In base 11, what is -a33 - 10?
-a43
In base 6, what is -3503402 + -2?
-3503404
In base 13, what is -1 - 125261?
-125262
In base 16, what is 59ab - c?
599f
In base 6, what is -153 - 4311?
-4504
In base 9, what is 216 + -151?
55
In base 7, what is -3452060 + -1?
-3452061
In base 3, what is -21 - 20220201?
-20220222
In base 2, what is 11101 + 111000000110101?
111000001010010
In base 2, what is 1010010111100011101 - 100?
1010010111100011001
In base 3, what is -12 - -10012021?
10012002
In base 13, what is 38 + 6817?
6852
In base 2, what is -1100111111011111111100 - -101?
-1100111111011111110111
In base 11, what is -218547 - 0?
-218547
In base 2, what is -111000 - 11110010?
-100101010
In base 6, what is -3043533 + -5?
-3043542
In base 15, what is -502 - -52?
-4a0
In base 14, what is -24cc - 80?
-256c
In base 16, what is 3155 + -35?
3120
In base 12, what is 65 + 7b8?
861
In base 14, what is -337c - 5?
-3383
In base 16, what is -17c + -37?
-1b3
In base 14, what is 51 - 1293?
-1242
In base 2, what is -110100 - -101110111?
101000011
In base 9, what is 5310 + -58?
5241
In base 12, what is -3194 + -852?
-3a26
In base 8, what is 1 - 1322361?
-1322360
In base 14, what is -4 + 21165?
21161
In base 10, what is -2 + 31567?
31565
In base 8, what is -160 + -13342?
-13522
In base 11, what is 2 + 40a6?
40a8
In base 5, what is 2 - -3214340?
3214342
In base 14, what is -4 - -1c45?
1c41
In base 9, what is 1 + 51867?
51868
In base 8, what is -1 - -1073116?
1073115
In base 4, what is 1 + -22032?
-22031
In base 8, what is -242012 - -10?
-242002
In base 13, what is -b7 - -1235?
114b
In base 15, what is -dc + -4e7b?
-5068
In base 7, what is 1115522 - 2?
1115520
In base 11, what is -220 - -196?
-35
In base 11, what is 5 + -3899a?
-38995
In base 13, what is -3 + -bc?
-c2
In base 5, what is -1004412 + 3210?
-1001202
In base 16, what is -116b + 8?
-1163
In base 13, what is -1a6 + -11?
-1b7
In base 8, what is -40047 - -33?
-40014
In base 11, what is 9118a6 - -5?
911900
In base 2, what is -10011000111101000 - 0?
-10011000111101000
In base 8, what is -237 + -124?
-363
In base 6, what is -3513 + -1213?
-5130
In base 10, what is -368 + -818?
-1186
In base 5, what is -2 + -1401024?
-1401031
In base 4, what is -110100333 - -3?
-110100330
In base 8, what is -103 + 1156?
1053
In base 13, what is -1b + -781?
-79c
In base 4, what is 1 + -33030003?
-33030002
In base 9, what is -24607 - 1?
-24608
In base 10, what is -2 + -3243?
-3245
In base 8, what is -1524 + -52?
-1576
In base 4, what is -30022120 - 11?
-30022131
In base 14, what is 2 + 85d6?
85d8
In base 6, what is 10 + -1130333?
-1130323
In base 11, what is 256 + -39?
218
In base 15, what is 33a - 4?
336
In base 15, what is 9 + -a5004?
-a4eea
In base 9, what is 4153 - -41?
4204
In base 3, what is 101 - -1001020102002?
1001020102110
In base 4, what is 220333 - 21?
220312
In base 2, what is -10 - -101010011101000?
101010011100110
In base 2, what is 11000100010000110 - 10?
11000100010000100
In base 4, what is -22233030 + -1?
-22233031
In base 9, what is 5376 - 4?
5372
In base 15, what is 2d2 - -23?
305
In base 3, what is 2120021 - -112?
2120210
In base 4, what is 2 - 13132?
-13130
In base 9, what is 6053 + -48?
6004
In base 2, what is -1 + -11100000101001?
-11100000101010
In base 6, what is 1035 + -153?
442
In base 4, what is -132101000 - 11?
-132101011
In base 14, what is -a6 + -3da?
-4a2
In base 9, what is 1733653 + 1?
1733654
In base 13, what is -5220 + 30?
-51c0
In base 14, what is -7521a - 5?
-75221
In base 8, what is -1044746 + 2?
-1044744
In base 3, what is -211 + 2002002100?
2002001112
In base 14, what is -1 + -3b935?
-3b936
In base 9, what is 183 - 428?
-235
In base 2, what is 10100 + 1011110000001?
1011110010101
In base 4, what is -1033311 + 13220?
-1020031
In base 12, what is -1 + -13a907?
-13a908
In base 6, what is 4054343 - 4?
4054335
In base 4, what is -20230 - 0?
-20230
In base 7, what i